{"id":2,"date":"2016-05-10T03:48:21","date_gmt":"2016-05-10T03:48:21","guid":{"rendered":"https:\/\/biovitalpelhrimov.cz\/?page_id=2"},"modified":"2022-06-28T12:26:28","modified_gmt":"2022-06-28T12:26:28","slug":"sample-page","status":"publish","type":"page","link":"https:\/\/biovitalpelhrimov.cz\/","title":{"rendered":"Na\u0161e nab\u00eddka"},"content":{"rendered":"\n<p class=\"has-text-align-center\"><strong>Nab\u00edz\u00edme<\/strong><\/p>\n\n\n\n<div class=\"wp-block-columns is-layout-flex wp-container-core-columns-is-layout-9d6595d7 wp-block-columns-is-layout-flex\">\n<div class=\"wp-block-column is-layout-flow wp-block-column-is-layout-flow\" style=\"flex-basis:100%\">\n<ul class=\"wp-block-list\"><li><a href=\"#nasePecivo\">Na\u0161e pe\u010divo<hr><\/a><\/li><li><a href=\"#chlazeneZbozi\">Chlazen\u00e9 zbo\u017e\u00ed<hr><\/a><\/li><li><a href=\"#napoje\">N\u00e1poje<hr><\/a><\/li><li><a href=\"#obiloviny\">Obiloviny<hr><\/a><\/li><li><a href=\"#lusteniny\">Lu\u0161t\u011bniny<hr><\/a><\/li><li><a href=\"#cukry\">Cukry a slady<hr><\/a><\/li><li><a href=\"#zahustovadla\">Zahu\u0161\u0165ovadla<hr><\/a><\/li><li><a href=\"#ochucovadla\">Ochucovadla<hr><\/a><a href=\"#doplnkovySortiment\"><br><\/a><\/li><\/ul>\n<\/div>\n\n\n\n<div class=\"wp-block-column is-layout-flow wp-block-column-is-layout-flow\" style=\"flex-basis:100%\">\n<ul class=\"wp-block-list\"><li><a href=\"#proNejmensi\">Pro nejmen\u0161\u00ed<hr><\/a><\/li><li><a href=\"#bezlepkovaDieta\">Bezlepkov\u00e1 dieta<hr><\/a><\/li><li><a href=\"#potravinoveDoplnky\">Potravinov\u00e9 dopl\u0148ky<hr><\/a><\/li><li><a href=\"#lecebneProstredky\">L\u00e9\u010debn\u00e9 prost\u0159edky<hr><\/a><\/li><li><a href=\"#kosmetika\">Kosmetika<hr><\/a><\/li><li><a href=\"#prirodniProstredky\">P\u0159\u00edrodn\u00ed prost\u0159edky na pran\u00ed, myt\u00ed n\u00e1dob\u00ed, \u00faklid<hr><\/a><\/li><li><a href=\"#doplnkovySortiment\">Dopl\u0148kov\u00fd sortiment<hr><br><\/a><\/li><\/ul>\n<\/div>\n<\/div>\n\n\n\n<p><\/p>\n\n\n<div class=\"wp-block-image\">\n<figure class=\"aligncenter is-resized\"><img loading=\"lazy\" decoding=\"async\" src=\"https:\/\/biovitalpelhrimov.cz\/wp-content\/uploads\/2019\/06\/prodejna.jpg\" alt=\"\" class=\"wp-image-44\" width=\"417\" height=\"265\" srcset=\"https:\/\/biovitalpelhrimov.cz\/wp-content\/uploads\/2019\/06\/prodejna.jpg 914w, https:\/\/biovitalpelhrimov.cz\/wp-content\/uploads\/2019\/06\/prodejna-300x191.jpg 300w, https:\/\/biovitalpelhrimov.cz\/wp-content\/uploads\/2019\/06\/prodejna-768x490.jpg 768w, https:\/\/biovitalpelhrimov.cz\/wp-content\/uploads\/2019\/06\/prodejna-423x270.jpg 423w\" sizes=\"auto, (max-width: 417px) 100vw, 417px\" \/><\/figure>\n<\/div>\n\n\n<br>\n<h2 id=\"nasePecivo\">Na\u0161e pe\u010divo<\/h2>\n\n\n\n<p><br><strong>Ka\u017ed\u00fd den \u010derstv\u00e9 pe\u010divo:<\/strong><\/p>\n\n\n\n<ul class=\"wp-block-list\"><li>\u0161paldov\u00e9 z\u00e1viny bez cukru<\/li><li>sladk\u00e9 ovesn\u00e9 placi\u010dky bez cukru<\/li><li>ovocn\u00fd kol\u00e1\u010d<\/li><li>pohankov\u00fd pern\u00edk bez lepku<\/li><li>s\u00f3jov\u00e1 b\u00e1bovka<\/li><li>\u0161paldov\u00fd makovec<\/li><\/ul>\n\n\n\n<p><strong>Ka\u017ed\u00e9 pond\u011bl\u00ed:<\/strong><\/p>\n\n\n\n<ul class=\"wp-block-list\"><li>\u017eitno-\u0161paldov\u00e9 kv\u00e1skov\u00e9 housky<\/li><\/ul>\n\n\n\n<p><strong>Ka\u017ed\u00e9 \u00fater\u00fd a st\u0159edu:<\/strong><\/p>\n\n\n\n<ul class=\"wp-block-list\"><li><strong>bezlepkov\u00fd<\/strong>\nkv\u00e1skov\u00fd chl\u00e9b, bezlepkov\u00fd chl\u00e9b z&nbsp;dro\u017ed\u00ed<\/li><\/ul>\n\n\n\n<p>KA\u017dD\u00dd DEN \u010cERSTV\u00dd KV\u00c1SKOV\u00dd \u017dITN\u00dd CHL\u00c9B <\/p>\n\n\n\n<p>P\u0159ed sv\u00e1tky mo\u017enost objednat <strong>v\u00e1no\u010dn\u00ed a velikono\u010dn\u00ed cukrov\u00ed<\/strong>:<\/p>\n\n\n\n<ul class=\"wp-block-list\"><li>bez lepku<\/li><li>bez cukru<\/li><li>celozrnn\u00e9<br><\/li><\/ul>\n\n\n\n<p>    <\/p>\n\n\n<div class=\"wp-block-image\">\n<figure class=\"aligncenter is-resized\"><img loading=\"lazy\" decoding=\"async\" src=\"https:\/\/biovitalpelhrimov.cz\/wp-content\/uploads\/2019\/06\/1557470834542-1.jpg\" alt=\"\" class=\"wp-image-61\" width=\"373\" height=\"280\" srcset=\"https:\/\/biovitalpelhrimov.cz\/wp-content\/uploads\/2019\/06\/1557470834542-1.jpg 512w, https:\/\/biovitalpelhrimov.cz\/wp-content\/uploads\/2019\/06\/1557470834542-1-300x225.jpg 300w, https:\/\/biovitalpelhrimov.cz\/wp-content\/uploads\/2019\/06\/1557470834542-1-360x270.jpg 360w\" sizes=\"auto, (max-width: 373px) 100vw, 373px\" \/><\/figure>\n<\/div>\n\n\n<br>\n<h2 id=\"chlazeneZbozi\">Chlazen\u00e9 zbo\u017e\u00ed<\/h2>\n\n\n\n<p><strong>St\u00e1l\u00fd sortiment:<\/strong><\/p>\n\n\n\n<ul class=\"wp-block-list\"><li><em>Tofu<\/em> &#8211; natural, marinovan\u00e9, uzen\u00e9, bylinkov\u00e9, lah\u016fdkov\u00e9, s \u0159asou, ko\u0159en\u011bn\u00e9, zeleninov\u00e9<\/li><li><em>Tempeh<\/em> \u2013 sma\u017een\u00fd, marinovan\u00fd, uzen\u00fd<\/li><li><em>P\u00e1rky<\/em> &#8211; kalma p\u00e1rky, op\u00e9k\u00e1\u010dky, Salva Natur<\/li><li><em>Sal\u00e1my<\/em> \u2013 tofu sal\u00e1my v&nbsp;celku, kr\u00e1jen\u00e9 s\u00f3jov\u00e9<\/li><li><em>Zeleninov\u00e9 n\u00e1\u0159ezy<\/em><\/li><li><em>\u0160makouny<\/em> &#8211; uzen\u00fd, bez p\u0159\u00edchuti, s&nbsp;provens\u00e1lsk\u00fdm ko\u0159en\u00edm, s&nbsp;hl\u00edvou, mexiko &nbsp;<\/li><li><em>Robi<\/em> &#8211; maso, nudli\u010dky, \u010d\u00edna, \u0159\u00edzek, karban\u00e1tky, sekan\u00e1<\/li><li><em>Sejtan<\/em> &#8211; natural, speci\u00e1l, se zeleninou<\/li><li><em>Koz\u00ed v\u00fdrobky <\/em>\u2013 s\u00fdry tvrd\u00e9, s\u00fdry pomaz\u00e1nkov\u00e9, jogurty, jogurtov\u00e1 ml\u00e9ka, \u017eerv\u00e9, kef\u00edr<\/li><li>Ov\u010d\u00ed  v\u00fdrobky \u2013 jogurty b\u00edl\u00e9 i ochucen\u00e9, \u0159eck\u00fd ov\u010d\u00ed jogurt<\/li><li><em>Sojov\u00e9 v\u00fdrobky <\/em>\u2013 jogurty,      sojan\u00e9za, smetana, \u010fob\u00e1\u010dky, labu\u017enick\u00e1 sm\u011bs<\/li><li><em>Pomaz\u00e1nky<\/em> &#8211; vala\u0161sk\u00e1, houbov\u00e1, tofu, fazolov\u00e1, bylinkov\u00e1, francouzsk\u00e1, italsk\u00e1, provens\u00e1lsk\u00e1, mrkvov\u00e1, ara\u0161\u00eddov\u00e1, brokolicov\u00e1<\/li><li><em>Karban\u00e1tky &#8211;<\/em> sojov\u00e9, tofu, brokolicov\u00e9, zeleninov\u00e9 , cibulov\u00e9 <\/li><li><em>Rostlinn\u00e1 m\u00e1sla v BIO kvalit\u011b<\/em> <\/li><li><em>Vegan pomaz\u00e1nky <\/em>\u2013 Seneb r\u016fzn\u00e9 druhy<\/li><li><em>Vegi steak <\/em>\u2013 \u0161ampi\u00f3n, kuku\u0159\u00edzek, tofu strips, \u010devab\u010di\u010di<\/li><li><em>S\u00fdr feta<\/em><\/li><li>Sojan\u00e9za, tofun\u00e9za, s\u00f3jov\u00e1 tatarka<\/li><li>Jogurty bez lakt\u00f3zy b\u00edl\u00e9<\/li><li>Listov\u00e9 t\u011bsto bez lepku<br><br><strong>Na objedn\u00e1vku<\/strong>:<\/li><li>Jogurty bez lakt\u00f3zy ochucen\u00e9, tvaroh a ml\u00e9ko bez lakt\u00f3zy<\/li><\/ul>\n\n\n\n<br>\n<h2 id=\"napoje\"><br>N\u00e1poje<\/h2>\n\n\n\n<ul class=\"wp-block-list\"><li><em>\u010caje <\/em>&#8211; sypan\u00e9 a s\u00e1\u010dkov\u00e9 -bylinn\u00e9 (jednodruhov\u00e9, sm\u011bsi), ovocn\u00e9, \u010dern\u00e9, zelen\u00e9, b\u00edl\u00e9, v\u011btvi\u010dkov\u00e9 , kombuchy, matcha<br>&#8211; Ajurv\u00e9dsk\u00e9 \u010daje a ajurv\u00e9dsk\u00e9 hork\u00e9 n\u00e1poje, \u010daje od Ka\u010den\u010din\u00fdch hor, Gre\u0161\u00edk, Serafin, Dr.Popov, Sonnetor, Organic India \u2013 Tulsi \u010daje, Vl\u010dkov\u00e1<\/li><li><em>\u0160\u0165\u00e1vy <\/em>\u2013 100% \u0161\u0165\u00e1vy, s&nbsp;fruk\u00f3zou, s&nbsp;t\u0159tinov\u00fdm cukrem<br>&#8211; Kitl, Natural, Appela, p. Cvr\u010dek, Fructal Natura, b\u0159ezov\u00e1 \u0161\u0165\u00e1va, gran\u00e1tov\u00e9 jablko, zeleninov\u00e9 a ovocn\u00e9 BEUTELSBACHER<\/li><li><em>Sirupy <\/em>&#8211; s&nbsp;frukt\u00f3zou nebo t\u0159tinov\u00fdm cukrem<br>&#8211; TOPVET, Gre\u0161\u00edk, p. Moty\u010dka<\/li><li><em>Vody<\/em><br>&#8211; R\u016fzn\u00e9 velikosti<\/li><li><em>Obiln\u00e1, s\u00f3jov\u00e1, koz\u00ed ml\u00e9ka a  smetan<\/em>y &#8211; su\u0161en\u00e9 i tekut\u00e9<br>&#8211; Zaj\u00edc, TopNatur<\/li><li> <em>Syrov\u00e1tka<\/em> &#8211; su\u0161en\u00e1 koz\u00ed , su\u0161en\u00e1 kravsk\u00e1<\/li><li><em>K\u00e1vy<\/em> &#8211; obiln\u00e9, bez kofejnu a bylinkov\u00e9 (Ayurv\u00e9dsk\u00e9)<br>&#8211; Karo, k\u00e1vi\u010dka, sladov\u00e1 k\u00e1va, \u0161paldov\u00e1 k\u00e1va, s \u010dikorou<\/li><li><em>Kakaa<\/em> <br> &#8211; Bio kakao, pr\u00e1\u0161ek z&nbsp;nepra\u017een\u00fdch kakaov\u00fdch bob\u016f, \u010dokol\u00e1da<\/li><li> V\u00edna a medoviny  <br><br><\/li><\/ul>\n\n\n<div class=\"wp-block-image\">\n<figure class=\"aligncenter is-resized\"><img loading=\"lazy\" decoding=\"async\" src=\"https:\/\/biovitalpelhrimov.cz\/wp-content\/uploads\/2019\/06\/1557407235053-1.jpg\" alt=\"\" class=\"wp-image-42\" width=\"295\" height=\"393\" srcset=\"https:\/\/biovitalpelhrimov.cz\/wp-content\/uploads\/2019\/06\/1557407235053-1.jpg 384w, https:\/\/biovitalpelhrimov.cz\/wp-content\/uploads\/2019\/06\/1557407235053-1-225x300.jpg 225w, https:\/\/biovitalpelhrimov.cz\/wp-content\/uploads\/2019\/06\/1557407235053-1-203x270.jpg 203w\" sizes=\"auto, (max-width: 295px) 100vw, 295px\" \/><\/figure>\n<\/div>\n\n\n<h2 class=\"wp-block-heading\" id=\"bezlepkove\"><br>Obiloviny<\/h2>\n\n\n\n<p><strong>Bezlepkov\u00e9:<\/strong><\/p>\n\n\n\n<div class=\"wp-block-columns is-layout-flex wp-container-core-columns-is-layout-9d6595d7 wp-block-columns-is-layout-flex\">\n<div class=\"wp-block-column is-layout-flow wp-block-column-is-layout-flow\" style=\"flex-basis:100%\">\n<ul class=\"wp-block-list\"><li>R\u00fd\u017ee &#8211; b\u00edl\u00e1 a natural: dlouhozrnn\u00e1, basmati, kulatozrnn\u00e1, arborio, \u010derven\u00e1, jasm\u00ednov\u00e1, pestrobarevn\u00e1, divok\u00e1 r\u00fd\u017ee<\/li><li>J\u00e1hly (vyr\u00e1b\u011bn\u00e9 z prosa)<\/li><li>Amarant<\/li><li>Quinoa \u2013 <em>b\u00edl\u00e1, \u010derven\u00e1, sm\u011bs<\/em><\/li><li>Kuku\u0159ice<\/li><li>Pohanka <em>\u2013 l\u00e1manka, kroupa<\/em><\/li><li>\u010cirok<\/li><li>R\u00fd\u017eov\u00fd kuskus, kuku\u0159i\u010dn\u00fd kuskus<\/li><li>Slzovka <\/li><\/ul>\n<\/div>\n<\/div>\n\n\n\n<p><strong>S lepkem:<\/strong><\/p>\n\n\n\n<div class=\"wp-block-columns is-layout-flex wp-container-core-columns-is-layout-9d6595d7 wp-block-columns-is-layout-flex\">\n<div class=\"wp-block-column is-layout-flow wp-block-column-is-layout-flow\" style=\"flex-basis:100%\">\n<ul class=\"wp-block-list\"><li>P\u0161enice<\/li><li>\u010cerven\u00e1 p\u0161enice<\/li><li>\u0160palda, \u0161paldov\u00e9 kroupy<\/li><li>Oves bezpluch\u00fd<\/li><li>Je\u010dmen bezpluch\u00fd, je\u010dn\u00e9 kroupy<\/li><li>\u017dito<\/li><li>Bulgur <\/li><li>Kuskus<br><\/li><\/ul>\n<\/div>\n<\/div>\n\n\n<div class=\"wp-block-image\">\n<figure class=\"aligncenter is-resized\"><img loading=\"lazy\" decoding=\"async\" src=\"https:\/\/biovitalpelhrimov.cz\/wp-content\/uploads\/2019\/06\/1557407234726.jpg\" alt=\"\" class=\"wp-image-41\" width=\"401\" height=\"301\" srcset=\"https:\/\/biovitalpelhrimov.cz\/wp-content\/uploads\/2019\/06\/1557407234726.jpg 512w, https:\/\/biovitalpelhrimov.cz\/wp-content\/uploads\/2019\/06\/1557407234726-300x225.jpg 300w, https:\/\/biovitalpelhrimov.cz\/wp-content\/uploads\/2019\/06\/1557407234726-360x270.jpg 360w\" sizes=\"auto, (max-width: 401px) 100vw, 401px\" \/><\/figure>\n<\/div>\n\n\n<h2 class=\"wp-block-heading\" id=\"lusteniny\"><br>Lu\u0161t\u011bniny<\/h2>\n\n\n\n<ul class=\"wp-block-list\"><li>Hr\u00e1ch \u2013 <em>\u017elut\u00fd cel\u00fd i p\u016flen\u00fd<\/em><\/li><li>\u010co\u010dka &#8211; zelen\u00e1, hn\u011bd\u00e1, \u010derven\u00e1, loupan\u00e1, neloupan\u00e1, \u010dern\u00e1<\/li><li>Fazole &#8211; adzuky, b\u00edl\u00e9 \u2013 mal\u00e1 a velk\u00e1 ledvina, mungo, strakat\u00e9, pinto, \u010derven\u00e9<\/li><li>S\u00f3ja<\/li><li>Cizrna <\/li><\/ul>\n\n\n\n<h4 class=\"wp-block-heading\"><br>V\u00fdrobky z lu\u0161t\u011bnin:<\/h4>\n\n\n\n<ul class=\"wp-block-list\"><li>vlo\u010dky, mouky, t\u011bstoviny, sterilovan\u00e9<\/li><\/ul>\n\n\n\n<h2 class=\"wp-block-heading\" id=\"cukry\"><br>Cukry a slady<\/h2>\n\n\n\n<ul class=\"wp-block-list\"><li>Cukry \u2013 t\u0159tinov\u00e9, mou\u010dkov\u00e9 t\u0159tinov\u00e9, kokosov\u00fd, hroznov\u00fd, frukt\u00f3za<\/li><li>Melasy a medy<\/li><li>Slady a sirupy &#8211; r\u00fd\u017eov\u00fd, je\u010dn\u00fd, kuku\u0159i\u010dn\u00fd, p\u0161eni\u010dn\u00fd, ag\u00e1ve, datlov\u00fd, javorov\u00fd, \u010dekankov\u00fd, kokosov\u00fd sirup<\/li><li>Xylitol <em>\u2013 sypan\u00fd \u2013 vhodn\u00fd pro diabetiky <\/em><\/li><li>St\u00e9vie \u2013 sypan\u00e1, tekut\u00e1, tabletky \u2013 vhodn\u00e1 pro diabetiky<\/li><li>  Vanilkov\u00e9 a sko\u0159icov\u00e9 cukry   <\/li><\/ul>\n\n\n\n<h2 class=\"wp-block-heading\" id=\"zahustovadla\">Zahu\u0161\u0165ovadla<\/h2>\n\n\n\n<ul class=\"wp-block-list\"><li>Kuzu a kuku\u0159i\u010dn\u00e9 \u0161kroby<\/li><\/ul>\n\n\n\n<h2 class=\"wp-block-heading\" id=\"ochucovadla\">Ochucovadla<\/h2>\n\n\n\n<ul class=\"wp-block-list\"><li>Bujony a sm\u011bsi bez glutamanu, konzerva\u010dn\u00edch l\u00e1tek a barviv<br>&#8211; Vega, sol\u010danka, horalka, WURLZ <\/li><li> Misa \u2013 je\u010dmenn\u00e1 , sojov\u00e1 a r\u00fd\u017eov\u00e1<\/li><li>Mo\u0159sk\u00e1 s\u016fl nerafinovan\u00e1, himal\u00e1isk\u00e1, bylinkov\u00e9 soli<\/li><li>S\u00f3jov\u00e9 om\u00e1\u010dky \u2013 yamato a tamari<\/li><li>Umeocet, umebo\u0161ky a umetabletky, umepasta<\/li><li>Vinn\u00e9 a jable\u010dn\u00e9 octy<\/li><li>Ko\u0159en\u00ed <br>&#8211; Sonnetor, Gre\u0161\u00edk, Benkor<\/li><li>Kvasnice, lah\u016fdkov\u00e9 dro\u017ed\u00ed <br><br><\/li><\/ul>\n\n\n<div class=\"wp-block-image\">\n<figure class=\"aligncenter is-resized\"><img loading=\"lazy\" decoding=\"async\" src=\"https:\/\/biovitalpelhrimov.cz\/wp-content\/uploads\/2019\/06\/ko\u0159en\u00ed.jpg\" alt=\"\" class=\"wp-image-43\" width=\"459\" height=\"303\" srcset=\"https:\/\/biovitalpelhrimov.cz\/wp-content\/uploads\/2019\/06\/ko\u0159en\u00ed.jpg 864w, https:\/\/biovitalpelhrimov.cz\/wp-content\/uploads\/2019\/06\/ko\u0159en\u00ed-300x199.jpg 300w, https:\/\/biovitalpelhrimov.cz\/wp-content\/uploads\/2019\/06\/ko\u0159en\u00ed-768x508.jpg 768w, https:\/\/biovitalpelhrimov.cz\/wp-content\/uploads\/2019\/06\/ko\u0159en\u00ed-408x270.jpg 408w\" sizes=\"auto, (max-width: 459px) 100vw, 459px\" \/><\/figure>\n<\/div>\n\n\n<h2 class=\"wp-block-heading\"><br>Pro nejmen\u0161\u00ed<\/h2>\n\n\n\n<ul class=\"wp-block-list\"><li>BIO p\u0159esn\u00edd\u00e1vky, \u0161\u0165\u00e1vy, j\u00eddla<\/li><li>Kuku\u0159i\u010dn\u00e9, r\u00fd\u017eov\u00e9, j\u00e1heln\u00e9 a pohankov\u00e9 k\u0159upky<\/li><\/ul>\n\n\n\n<h2 class=\"wp-block-heading\">Bezlepkov\u00e1 dieta<\/h2>\n\n\n\n<ul class=\"wp-block-list\"><li>Sm\u011bsi na pe\u010den\u00ed a va\u0159en\u00ed<br>&#8211; Nominal, Jizerka, Schar, Probio<\/li><li>Ka\u0161e a ovesn\u00e9 vlo\u010dky bezlepkov\u00e9<br>&#8211; Kuku\u0159i\u010dn\u00e1, r\u00fd\u017eov\u00e1, pohankov\u00e1, \u010dirokov\u00e1, j\u00e1hlov\u00e1, m\u00edchan\u00e9<\/li><li> Sladk\u00e9  <br>&#8211;  su\u0161enky, ty\u010dinky, flapjacky, tatramelky, suky, v\u011bne\u010dky, trubi\u010dky <\/li><li>Chlazen\u00e9 listov\u00e9 t\u011bsto <\/li><li>Bezlepkov\u00fd chl\u00e9b Schar, Bezgluten, Tenesito<\/li><li>Mouky, t\u011bstoviny<\/li><li>Kokosov\u00e1, mandlov\u00e1, konopn\u00e1 mouka<\/li><li>Pudinky bez lepku<\/li><\/ul>\n\n\n<div class=\"wp-block-image\">\n<figure class=\"aligncenter is-resized\"><img loading=\"lazy\" decoding=\"async\" src=\"https:\/\/biovitalpelhrimov.cz\/wp-content\/uploads\/2019\/06\/1557407234854.jpg\" alt=\"\" class=\"wp-image-45\" width=\"364\" height=\"273\" srcset=\"https:\/\/biovitalpelhrimov.cz\/wp-content\/uploads\/2019\/06\/1557407234854.jpg 512w, https:\/\/biovitalpelhrimov.cz\/wp-content\/uploads\/2019\/06\/1557407234854-300x225.jpg 300w, https:\/\/biovitalpelhrimov.cz\/wp-content\/uploads\/2019\/06\/1557407234854-360x270.jpg 360w\" sizes=\"auto, (max-width: 364px) 100vw, 364px\" \/><\/figure>\n<\/div>\n\n\n<h2 class=\"wp-block-heading\" id=\"orechy\"><br>O\u0159echy a sem\u00ednka<\/h2>\n\n\n\n<ul class=\"wp-block-list\"><li>Sem\u00ednka loupan\u00e1 i neloupan\u00e1 <br>&#8211; len hn\u011bd\u00fd a zlat\u00fd, sezam, \u010dern\u00fd seznam, slune\u010dnice, d\u00fd\u0148ov\u00e1 sem\u00ednka, konopn\u00e1, chia sem\u00ednka, sm\u011bsi, m\u00e1k <\/li><li>O\u0159echy<br>&#8211; pist\u00e1cie, piniov\u00e9 o\u0159\u00ed\u0161ky, para o\u0159echy, l\u00edskov\u00e9 o\u0159\u00ed\u0161ky, mandle, ke\u0161u, ara\u0161\u00eddy, pekanov\u00e9 o\u0159echy, makadamov\u00e9 o\u0159echy, meru\u0148kov\u00e1 j\u00e1dra<\/li><li>Su\u0161en\u00e9 ovoce<br>&#8211; meru\u0148ky, vi\u0161n\u011b, \u0161vestky, f\u00edky, ar\u00f3nie, moru\u0161e, ananas, mango, ban\u00e1n, kustovnice, brusinky, datle, rozinky, kokos, mochyn\u011b, ibi\u0161ek<\/li><\/ul>\n\n\n\n<h2 class=\"wp-block-heading\" id=\"potravinoveDoplnky\">Potravinov\u00e9 dopl\u0148ky<\/h2>\n\n\n\n<ul class=\"wp-block-list\"><li>Sladkovodn\u00ed \u0159asy Chlorela a Spirulina, zelen\u00fd je\u010dmen, zelen\u00fd j\u00edl, vilcacora, <\/li><li>Medicin\u00e1ln\u00ed houby \u2013 su\u0161en\u00e9, tinktury <br>&#8211; reishi, shitake, jid\u00e1\u0161ovo ucho, hl\u00edva \u00fast\u0159i\u010dn\u00e1, cordyceps<\/li><li>K\u0159emelina<\/li><li>Koloidn\u00ed st\u0159\u00edbro<\/li><li>Mumio<\/li><li>\u017den\u0161en prav\u00fd<\/li><li>Maca, lucuma<\/li><li>Konopn\u00fd, hrachov\u00fd, r\u00fd\u017eov\u00fd protein<br><\/li><\/ul>\n\n\n<div class=\"wp-block-image\">\n<figure class=\"aligncenter is-resized\"><img loading=\"lazy\" decoding=\"async\" src=\"https:\/\/biovitalpelhrimov.cz\/wp-content\/uploads\/2019\/06\/doplnky.jpg\" alt=\"\" class=\"wp-image-57\" width=\"587\" height=\"264\" srcset=\"https:\/\/biovitalpelhrimov.cz\/wp-content\/uploads\/2019\/06\/doplnky.jpg 780w, https:\/\/biovitalpelhrimov.cz\/wp-content\/uploads\/2019\/06\/doplnky-300x135.jpg 300w, https:\/\/biovitalpelhrimov.cz\/wp-content\/uploads\/2019\/06\/doplnky-768x347.jpg 768w, https:\/\/biovitalpelhrimov.cz\/wp-content\/uploads\/2019\/06\/doplnky-598x270.jpg 598w\" sizes=\"auto, (max-width: 587px) 100vw, 587px\" \/><\/figure>\n<\/div>\n\n\n<h2 class=\"wp-block-heading\" id=\"ostatni\">Ostatn\u00ed<\/h2>\n\n\n\n<ul class=\"wp-block-list\"><li>Damodara \u2013\nlu\u0161t\u011bninov\u00e9 chipsy, instantn\u00ed pol\u00e9vky, ka\u0161e do hrne\u010dku<\/li><li>Pern\u00ed\u010dky\nz&nbsp;Vyso\u010diny \u2013 v\u00e1no\u010dn\u00ed, velikono\u010dn\u00ed, jarn\u00ed, zv\u00ed\u0159\u00e1tka<\/li><li>Cereus soli<\/li><li>Nutrend<\/li><li>Bombus<\/li><\/ul>\n\n\n\n<h2 class=\"wp-block-heading\" id=\"lecebneProstredky\"><br>L\u00e9\u010debn\u00e9 prost\u0159edky<\/h2>\n\n\n\n<ul class=\"wp-block-list\"><li>Firma NAD\u011aJE &#8211; tinktury z pupen\u016f a bylin od p. Podhorn\u00e9<\/li><li>Firma Seraf\u00edn \u010daje a tinktury, \u010daj na odkyselen\u00ed, bradavicov\u00e9 maz\u00e1n\u00ed, kapsle<\/li><li>Firma DIOCHI <\/li><li>FIRMA ENERGY <\/li><li>Ajurv\u00e9dsk\u00e9 p\u0159\u00edpravky &#8211; EcceVita<\/li><li>\u010daje a p\u0159\u00edpravky dle receptury pana Jan\u010di<\/li><li>Popov \u2013 \u010daje, tintury, teatree olej, grepavit, masti\u010dky <\/li><li>vynikaj\u00edc\u00ed \u010daje od firmy Gre\u0161\u00edk<\/li><li>sm\u011bsi \u010daj\u016f z Ka\u010den\u010din\u00fdch hor<\/li><li>Ajurv\u00e9dsk\u00e9 p\u0159\u00edpravky a \u010daje od Mudr. Freje<\/li><li>T\u011blov\u00e9 sv\u00edce<\/li><li>Epsomsk\u00e1 s\u016fl <\/li><li>Firma GUARANAPLUS <\/li><li>Bylinn\u00e9 p\u0159\u00edpravky od l\u00e9\u010ditele p. Jukla<\/li><\/ul>\n\n\n\n<h2 class=\"wp-block-heading\" id=\"kosmetika\"><br>Kosmetika<\/h2>\n\n\n\n<ul class=\"wp-block-list\"><li>Canaderm \u2013 konopn\u00e1 kometika<\/li><li>Urtekram p\u0159\u00edrodn\u00ed d\u00e1nsk\u00e1 kosmetika<\/li><li>Zahir kosmetika \u2013 arganov\u00e9 oleje, kv\u011btinov\u00e9 ple\u0165ov\u00e9 vody<\/li><li>olejov\u00e1 kosmetika od \u010desk\u00e9 firmy Saloos<\/li><li>Natura Apotheke \u2013 balz\u00e1my na rty<\/li><li>Khadi \u2013 p\u0159\u00edrodn\u00ed henny na vlasy, oleje a \u0161amp\u00f3ny <\/li><li>Olivov\u00e1 m\u00fddla LESEL a Knossos<\/li><li>Bambusov\u00e9 kart\u00e1\u010dky<\/li><li>Menstrua\u010dn\u00ed kal\u00ed\u0161ky<\/li><li>P\u0159\u00edrodn\u00ed pasty na zuby<br><br><\/li><\/ul>\n\n\n<div class=\"wp-block-image\">\n<figure class=\"aligncenter is-resized\"><img loading=\"lazy\" decoding=\"async\" src=\"https:\/\/biovitalpelhrimov.cz\/wp-content\/uploads\/2019\/06\/1557471008958.jpg\" alt=\"\" class=\"wp-image-46\" width=\"413\" height=\"310\" srcset=\"https:\/\/biovitalpelhrimov.cz\/wp-content\/uploads\/2019\/06\/1557471008958.jpg 512w, https:\/\/biovitalpelhrimov.cz\/wp-content\/uploads\/2019\/06\/1557471008958-300x225.jpg 300w, https:\/\/biovitalpelhrimov.cz\/wp-content\/uploads\/2019\/06\/1557471008958-360x270.jpg 360w\" sizes=\"auto, (max-width: 413px) 100vw, 413px\" \/><\/figure>\n<\/div>\n\n\n<h2 class=\"wp-block-heading\" id=\"prirodniProstredky\"><br>P\u0159\u00edrodn\u00ed prost\u0159edky na pran\u00ed, myt\u00ed n\u00e1dob\u00ed, \u00faklid<\/h2>\n\n\n\n<ul class=\"wp-block-list\"><li> Zna\u010dky SODASAN, ECOVER, TIERRA VERDE <\/li><li>M\u00fddlov\u00e9 o\u0159echy (prost\u0159edky vyroben\u00e9 z m\u00fddlov\u00fdch o\u0159ech\u016f)<\/li><li>EcoClean<\/li><\/ul>\n\n\n\n<h2 class=\"wp-block-heading\" id=\"doplnkovySortiment\"><br>Dopl\u0148kov\u00fd sortiment<\/h2>\n\n\n\n<ul class=\"wp-block-list\"><li>S\u00ed\u0165ovky a ta\u0161ky z BIO bavlny<\/li><li>Keramick\u00e9 a porcel\u00e1nov\u00e9 hrne\u010dky<\/li><li>Sv\u00ed\u010dky<\/li><li>Vonn\u00e9 ty\u010dinky<\/li><li>Pohankov\u00e9 pol\u0161t\u00e1\u0159ky<\/li><li>Soln\u00e9 lampy<\/li><li>Vyku\u0159ovadla<\/li><li>Kl\u00ed\u010d\u00edc\u00ed misky<\/li><li>Matcha shaker <\/li><\/ul>\n","protected":false},"excerpt":{"rendered":"<p>Nab\u00edz\u00edme Na\u0161e pe\u010divo Chlazen\u00e9 zbo\u017e\u00ed N\u00e1poje Obiloviny Lu\u0161t\u011bniny Cukry a slady Zahu\u0161\u0165ovadla Ochucovadla Pro nejmen\u0161\u00ed Bezlepkov\u00e1 dieta Potravinov\u00e9 dopl\u0148ky L\u00e9\u010debn\u00e9 prost\u0159edky Kosmetika P\u0159\u00edrodn\u00ed prost\u0159edky na pran\u00ed, myt\u00ed n\u00e1dob\u00ed, \u00faklid Dopl\u0148kov\u00fd sortiment Na\u0161e pe\u010divo Ka\u017ed\u00fd den \u010derstv\u00e9 pe\u010divo: \u0161paldov\u00e9 z\u00e1viny bez cukru sladk\u00e9 ovesn\u00e9 placi\u010dky bez cukru ovocn\u00fd kol\u00e1\u010d pohankov\u00fd pern\u00edk bez lepku s\u00f3jov\u00e1 b\u00e1bovka \u0161paldov\u00fd makovec Ka\u017ed\u00e9 pond\u011bl\u00ed: \u017eitno-\u0161paldov\u00e9 kv\u00e1skov\u00e9 housky Ka\u017ed\u00e9 \u00fater\u00fd a st\u0159edu: bezlepkov\u00fd kv\u00e1skov\u00fd chl\u00e9b, bezlepkov\u00fd chl\u00e9b z&nbsp;dro\u017ed\u00ed KA\u017dD\u00dd DEN \u010cERSTV\u00dd KV\u00c1SKOV\u00dd \u017dITN\u00dd CHL\u00c9B P\u0159ed sv\u00e1tky mo\u017enost objednat v\u00e1no\u010dn\u00ed a velikono\u010dn\u00ed cukrov\u00ed: bez lepku bez cukru celozrnn\u00e9 Chlazen\u00e9 zbo\u017e\u00ed St\u00e1l\u00fd sortiment: Tofu &#8211; natural, marinovan\u00e9, uzen\u00e9, bylinkov\u00e9, lah\u016fdkov\u00e9, s \u0159asou, ko\u0159en\u011bn\u00e9, zeleninov\u00e9 Tempeh \u2013 sma\u017een\u00fd, marinovan\u00fd, uzen\u00fd P\u00e1rky &#8211; kalma p\u00e1rky, op\u00e9k\u00e1\u010dky, Salva Natur Sal\u00e1my \u2013 tofu sal\u00e1my v&nbsp;celku, kr\u00e1jen\u00e9 s\u00f3jov\u00e9 Zeleninov\u00e9 n\u00e1\u0159ezy \u0160makouny &#8211; uzen\u00fd, bez p\u0159\u00edchuti, s&nbsp;provens\u00e1lsk\u00fdm ko\u0159en\u00edm, s&nbsp;hl\u00edvou, mexiko &nbsp; Robi &#8211; maso, nudli\u010dky, \u010d\u00edna, \u0159\u00edzek, karban\u00e1tky, sekan\u00e1 Sejtan &#8211; natural, speci\u00e1l, se zeleninou&hellip;<\/p>\n<p> <a class=\"more-link\" href=\"https:\/\/biovitalpelhrimov.cz\/\">\u010c\u00edst v\u00edce<\/a><\/p>\n","protected":false},"author":1,"featured_media":0,"parent":0,"menu_order":0,"comment_status":"closed","ping_status":"closed","template":"","meta":{"footnotes":""},"class_list":["post-2","page","type-page","status-publish"],"_links":{"self":[{"href":"https:\/\/biovitalpelhrimov.cz\/index.php?rest_route=\/wp\/v2\/pages\/2","targetHints":{"allow":["GET"]}}],"collection":[{"href":"https:\/\/biovitalpelhrimov.cz\/index.php?rest_route=\/wp\/v2\/pages"}],"about":[{"href":"https:\/\/biovitalpelhrimov.cz\/index.php?rest_route=\/wp\/v2\/types\/page"}],"author":[{"embeddable":true,"href":"https:\/\/biovitalpelhrimov.cz\/index.php?rest_route=\/wp\/v2\/users\/1"}],"replies":[{"embeddable":true,"href":"https:\/\/biovitalpelhrimov.cz\/index.php?rest_route=%2Fwp%2Fv2%2Fcomments&post=2"}],"version-history":[{"count":40,"href":"https:\/\/biovitalpelhrimov.cz\/index.php?rest_route=\/wp\/v2\/pages\/2\/revisions"}],"predecessor-version":[{"id":126,"href":"https:\/\/biovitalpelhrimov.cz\/index.php?rest_route=\/wp\/v2\/pages\/2\/revisions\/126"}],"wp:attachment":[{"href":"https:\/\/biovitalpelhrimov.cz\/index.php?rest_route=%2Fwp%2Fv2%2Fmedia&parent=2"}],"curies":[{"name":"wp","href":"https:\/\/api.w.org\/{rel}","templated":true}]}}