{"id":48,"date":"2019-06-07T18:39:49","date_gmt":"2019-06-07T18:39:49","guid":{"rendered":"https:\/\/biovitalpelhrimov.cz\/?page_id=48"},"modified":"2019-06-07T18:39:49","modified_gmt":"2019-06-07T18:39:49","slug":"bezobalovy-prodej","status":"publish","type":"page","link":"https:\/\/biovitalpelhrimov.cz\/?page_id=48","title":{"rendered":"Bezobalov\u00fd prodej"},"content":{"rendered":"\n<ul class=\"wp-block-list\"><li>Celozrnn\u00fd kuskus<\/li><li>Pohanka kroupa<\/li><li>Pohanka l\u00e1manka<\/li><li>J\u00e1hly<\/li><li>Bulgur<\/li><li>R\u00fd\u017ee basmati b\u00edl\u00e1<\/li><li>Basmati natural<\/li><li>Quinoa<\/li><li>Fazole \u010derven\u00e1 ledvina<\/li><li>Fazole adzuki<\/li><li>Fazole mungo<\/li><li>Cizrna<\/li><li>\u010cerven\u00e1 \u010do\u010dka<\/li><li>Ovesn\u00e9 vlo\u010dky<\/li><li>D\u00fd\u0148ov\u00e9 sem\u00ednko<\/li><li>Ln\u011bn\u00e9 sem\u00ednko<\/li><li>Slune\u010dnicov\u00e9 sem\u00ednko<\/li><li>\u017ditn\u00e1 v\u0159etena<\/li><\/ul>\n\n\n\n<p>Bezobalov\u00fd prodej se bude d\u00e1le roz\u0161i\u0159ovat o o\u0159echy, rozinky atd.<\/p>\n\n\n\n<p>Pokud nem\u00e1te vlastn\u00ed n\u00e1dobu, r\u00e1da V\u00e1m sklenici zap\u016fj\u010d\u00edm.<\/p>\n\n\n\n<figure class=\"wp-block-image\"><img loading=\"lazy\" decoding=\"async\" width=\"512\" height=\"384\" src=\"https:\/\/biovitalpelhrimov.cz\/wp-content\/uploads\/2019\/06\/1557407234726-1.jpg\" alt=\"\" class=\"wp-image-49\" srcset=\"https:\/\/biovitalpelhrimov.cz\/wp-content\/uploads\/2019\/06\/1557407234726-1.jpg 512w, https:\/\/biovitalpelhrimov.cz\/wp-content\/uploads\/2019\/06\/1557407234726-1-300x225.jpg 300w, https:\/\/biovitalpelhrimov.cz\/wp-content\/uploads\/2019\/06\/1557407234726-1-360x270.jpg 360w\" sizes=\"auto, (max-width: 512px) 100vw, 512px\" \/><\/figure>\n","protected":false},"excerpt":{"rendered":"<p>Celozrnn\u00fd kuskus Pohanka kroupa Pohanka l\u00e1manka J\u00e1hly Bulgur R\u00fd\u017ee basmati b\u00edl\u00e1 Basmati natural Quinoa Fazole \u010derven\u00e1 ledvina Fazole adzuki Fazole mungo Cizrna \u010cerven\u00e1 \u010do\u010dka Ovesn\u00e9 vlo\u010dky D\u00fd\u0148ov\u00e9 sem\u00ednko Ln\u011bn\u00e9 sem\u00ednko Slune\u010dnicov\u00e9 sem\u00ednko \u017ditn\u00e1 v\u0159etena Bezobalov\u00fd prodej se bude d\u00e1le roz\u0161i\u0159ovat o o\u0159echy, rozinky atd. Pokud nem\u00e1te vlastn\u00ed n\u00e1dobu, r\u00e1da V\u00e1m sklenici zap\u016fj\u010d\u00edm.<\/p>\n","protected":false},"author":1,"featured_media":0,"parent":0,"menu_order":0,"comment_status":"closed","ping_status":"closed","template":"","meta":{"footnotes":""},"class_list":["post-48","page","type-page","status-publish"],"_links":{"self":[{"href":"https:\/\/biovitalpelhrimov.cz\/index.php?rest_route=\/wp\/v2\/pages\/48","targetHints":{"allow":["GET"]}}],"collection":[{"href":"https:\/\/biovitalpelhrimov.cz\/index.php?rest_route=\/wp\/v2\/pages"}],"about":[{"href":"https:\/\/biovitalpelhrimov.cz\/index.php?rest_route=\/wp\/v2\/types\/page"}],"author":[{"embeddable":true,"href":"https:\/\/biovitalpelhrimov.cz\/index.php?rest_route=\/wp\/v2\/users\/1"}],"replies":[{"embeddable":true,"href":"https:\/\/biovitalpelhrimov.cz\/index.php?rest_route=%2Fwp%2Fv2%2Fcomments&post=48"}],"version-history":[{"count":2,"href":"https:\/\/biovitalpelhrimov.cz\/index.php?rest_route=\/wp\/v2\/pages\/48\/revisions"}],"predecessor-version":[{"id":94,"href":"https:\/\/biovitalpelhrimov.cz\/index.php?rest_route=\/wp\/v2\/pages\/48\/revisions\/94"}],"wp:attachment":[{"href":"https:\/\/biovitalpelhrimov.cz\/index.php?rest_route=%2Fwp%2Fv2%2Fmedia&parent=48"}],"curies":[{"name":"wp","href":"https:\/\/api.w.org\/{rel}","templated":true}]}}