{"id":85,"date":"2019-06-15T05:27:46","date_gmt":"2019-06-15T05:27:46","guid":{"rendered":"https:\/\/biovitalpelhrimov.cz\/?page_id=85"},"modified":"2019-06-15T05:28:09","modified_gmt":"2019-06-15T05:28:09","slug":"poradny-leceni-meditace","status":"publish","type":"page","link":"https:\/\/biovitalpelhrimov.cz\/?page_id=85","title":{"rendered":"Poradny, l\u00e9\u010den\u00ed, meditace"},"content":{"rendered":"\n<p>P\u0159i prodejn\u011b funguje:<\/p>\n\n\n\n<h3 class=\"wp-block-heading\"><strong>Bylinkov\u00e1 poradna od firmy Serafin<\/strong><\/h3>\n\n\n\n<p>Poradna bude prob\u00edhat formou m\u011b\u0159en\u00ed hodnot a kondice org\u00e1n\u016f (funkce plic, jater, \u0161t\u00edtn\u00e9 \u017el\u00e1zy, srdce, p\u0159ekyselen\u00ed organismu, toxiny v t\u011ble, t\u011b\u017ek\u00e9 kovy, amynokyseliny, gynekologie, miner\u00e1ly, vitam\u00edny a mnoho dal\u0161\u00edch). <br>To v\u0161e na z\u00e1klad\u011b T\u010cM &#8211; tradi\u010dn\u00ed \u010d\u00ednsk\u00e9 medic\u00edny.  <br>K dizpozici V\u00e1m bude vzd\u011blan\u00e1, pro\u0161kolen\u00e1 poradkyn\u011b.<br><br>Kapacita je omezen\u00e1 na 14 lid\u00ed za den. Objedn\u00e1vky p\u0159ij\u00edm\u00e1me v obchod\u011b.<br><br>Cena jednoho sezen\u00ed je 400-,<br><br><\/p>\n\n\n\n<div class=\"wp-block-image\"><figure class=\"aligncenter is-resized\"><img loading=\"lazy\" decoding=\"async\" src=\"https:\/\/biovitalpelhrimov.cz\/wp-content\/uploads\/2019\/06\/kopriva-1024x664.jpg\" alt=\"\" class=\"wp-image-87\" width=\"444\" height=\"288\" srcset=\"https:\/\/biovitalpelhrimov.cz\/wp-content\/uploads\/2019\/06\/kopriva-1024x664.jpg 1024w, https:\/\/biovitalpelhrimov.cz\/wp-content\/uploads\/2019\/06\/kopriva-300x195.jpg 300w, https:\/\/biovitalpelhrimov.cz\/wp-content\/uploads\/2019\/06\/kopriva-768x498.jpg 768w, https:\/\/biovitalpelhrimov.cz\/wp-content\/uploads\/2019\/06\/kopriva-416x270.jpg 416w, https:\/\/biovitalpelhrimov.cz\/wp-content\/uploads\/2019\/06\/kopriva.jpg 1142w\" sizes=\"auto, (max-width: 444px) 100vw, 444px\" \/><\/figure><\/div>\n\n\n\n<h3 class=\"wp-block-heading\"><br><br><strong>Kraniosakr\u00e1ln\u00ed terapie<\/strong><\/h3>\n\n\n\n<p>Vede Jakub \u0160torek v podkrov\u00ed naproti Biovitalu Pod\u011bbradova 26.<br><br>V\u00edce informac\u00ed na prodejn\u011b.<br><br><\/p>\n\n\n\n<div class=\"wp-block-image\"><figure class=\"aligncenter is-resized\"><img loading=\"lazy\" decoding=\"async\" src=\"https:\/\/biovitalpelhrimov.cz\/wp-content\/uploads\/2019\/06\/masaz.jpg\" alt=\"\" class=\"wp-image-88\" width=\"439\" height=\"282\" srcset=\"https:\/\/biovitalpelhrimov.cz\/wp-content\/uploads\/2019\/06\/masaz.jpg 533w, https:\/\/biovitalpelhrimov.cz\/wp-content\/uploads\/2019\/06\/masaz-300x192.jpg 300w, https:\/\/biovitalpelhrimov.cz\/wp-content\/uploads\/2019\/06\/masaz-421x270.jpg 421w\" sizes=\"auto, (max-width: 439px) 100vw, 439px\" \/><\/figure><\/div>\n","protected":false},"excerpt":{"rendered":"<p>P\u0159i prodejn\u011b funguje: Bylinkov\u00e1 poradna od firmy Serafin Poradna bude prob\u00edhat formou m\u011b\u0159en\u00ed hodnot a kondice org\u00e1n\u016f (funkce plic, jater, \u0161t\u00edtn\u00e9 \u017el\u00e1zy, srdce, p\u0159ekyselen\u00ed organismu, toxiny v t\u011ble, t\u011b\u017ek\u00e9 kovy, amynokyseliny, gynekologie, miner\u00e1ly, vitam\u00edny a mnoho dal\u0161\u00edch). To v\u0161e na z\u00e1klad\u011b T\u010cM &#8211; tradi\u010dn\u00ed \u010d\u00ednsk\u00e9 medic\u00edny. K dizpozici V\u00e1m bude vzd\u011blan\u00e1, pro\u0161kolen\u00e1 poradkyn\u011b. Kapacita je omezen\u00e1 na 14 lid\u00ed za den. Objedn\u00e1vky p\u0159ij\u00edm\u00e1me v obchod\u011b. Cena jednoho sezen\u00ed je 400-, Kraniosakr\u00e1ln\u00ed terapie Vede Jakub \u0160torek v podkrov\u00ed naproti Biovitalu Pod\u011bbradova 26. V\u00edce informac\u00ed na prodejn\u011b.<\/p>\n","protected":false},"author":1,"featured_media":0,"parent":0,"menu_order":0,"comment_status":"closed","ping_status":"closed","template":"","meta":{"footnotes":""},"class_list":["post-85","page","type-page","status-publish"],"_links":{"self":[{"href":"https:\/\/biovitalpelhrimov.cz\/index.php?rest_route=\/wp\/v2\/pages\/85","targetHints":{"allow":["GET"]}}],"collection":[{"href":"https:\/\/biovitalpelhrimov.cz\/index.php?rest_route=\/wp\/v2\/pages"}],"about":[{"href":"https:\/\/biovitalpelhrimov.cz\/index.php?rest_route=\/wp\/v2\/types\/page"}],"author":[{"embeddable":true,"href":"https:\/\/biovitalpelhrimov.cz\/index.php?rest_route=\/wp\/v2\/users\/1"}],"replies":[{"embeddable":true,"href":"https:\/\/biovitalpelhrimov.cz\/index.php?rest_route=%2Fwp%2Fv2%2Fcomments&post=85"}],"version-history":[{"count":3,"href":"https:\/\/biovitalpelhrimov.cz\/index.php?rest_route=\/wp\/v2\/pages\/85\/revisions"}],"predecessor-version":[{"id":91,"href":"https:\/\/biovitalpelhrimov.cz\/index.php?rest_route=\/wp\/v2\/pages\/85\/revisions\/91"}],"wp:attachment":[{"href":"https:\/\/biovitalpelhrimov.cz\/index.php?rest_route=%2Fwp%2Fv2%2Fmedia&parent=85"}],"curies":[{"name":"wp","href":"https:\/\/api.w.org\/{rel}","templated":true}]}}